f + 2. Give o(3).
599
Let p(o) = -2*o**2 + 328*o - 654. What is p(2)?
-6
Let j(o) = -2*o**3 - 96*o**2 + 96*o - 91. What is j(-49)?
7
Let c(h) = 298*h - 535. What is c(2)?
61
Let g(o) = o**2 - 57*o + 1308. Calculate g(29).
496
Let y(m) = m**2 + 280*m - 4091. Give y(14).
25
Let p(k) = 3*k**2 + 167*k + 1427. Give p(-46).
93
Let r(g) = 31*g - 11. Give r(-5).
-166
Let o(a) = 2*a**2 - 16*a + 129. Give o(16).
385
Let p(c) = -c**3 + 112*c**2 + 822*c + 1305. What is p(119)?
-4
Let r(v) = v**3 + 10*v**2 - 19*v - 74. What is r(-11)?
14
Let q(k) = k**3 + 4*k**2 - 5*k - 12. What is q(-5)?
-12
Let j(l) = 6*l**3 - 7*l**2 + 18*l - 8. Calculate j(3).
145
Let l(f) = 59*f**2 + 770*f + 42. Calculate l(-13).
3
Let y(x) = 17*x**2 - 27*x - 145. What is y(4)?
19
Let s(m) = -72*m + 47. What is s(1)?
-25
Let i(w) = -37*w - 59. What is i(-2)?
15
Let s(c) = c + 622. Determine s(55).
677
Let v(a) = -a**3 + 2*a**2 + 41*a - 130. Calculate v(4).
2
Let f(s) = -110*s - 2211. What is f(-20)?
-11
Let c(y) = 7*y**2 + 578*y - 1929. What is c(-86)?
135
Let j(v) = 242*v + 50089. Calculate j(-207).
-5
Let c(z) = z**3 - z**2 + 20*z - 43. What is c(6)?
257
Let v(n) = n**2 + 66*n + 663. Give v(-13).
-26
Let l(z) = -119*z - 588. Determine l(-5).
7
Let k(j) = -11*j**2 + 165*j - 621. What is k(6)?
-27
Let i(g) = -8*g**2 - 81*g + 2098. Calculate i(12).
-26
Let t(v) = v**2 - 33*v + 117. What is t(4)?
1
Let o(x) = 2*x**2 + 177*x + 3935. Give o(-39).
74
Let p(n) = -26*n + 97. Determine p(-7).
279
Let y(h) = h**2 + 90*h + 1507. What is y(-52)?
-469
Let f(m) = -77*m - 11796. What is f(-153)?
-15
Let s(d) = -d**2 + 171*d - 6627. Determine s(61).
83
Let j(y) = y**3 + 106*y**2 - 224*y - 866. Determine j(-108).
-2
Let a(s) = -2*s**3 + 40*s**2 - 37*s + 55. What is a(19)?
74
Let i(v) = -3*v**3 + 25*v**2 - 10*v + 250. What is i(9)?
-2
Let p(j) = j**3 + 18*j**2 - 343*j - 6112. Determine p(-17).
8
Let n(t) = -t**3 - 13*t**2 - 19*t - 204. What is n(-13)?
43
Let n(i) = i**2 + 46*i + 29. What is n(-44)?
-59
Let z(x) = x**2 - 50*x + 648. What is z(16)?
104
Let u(s) = s**3 - 6*s**2 - 8*s - 32. What is u(8)?
32
Let m(l) = 624*l + 6139. What is m(-10)?
-101
Let s(z) = -z**3 + 17*z**2 - 21*z + 682. Determine s(18).
-20
Let z(q) = -2306*q - 32298. Calculate z(-14).
-14
Let s(u) = 799*u + 7144. Give s(-9).
-47
Let w(a) = -2*a**2 + 26*a + 55. Calculate w(15).
-5
Let f(v) = 2*v**2 - 9. Determine f(-3).
9
Let s(f) = f**3 + 44*f**2 + 404*f - 78. Determine s(-31).
-109
Let w(i) = 524*i + 9423. Determine w(-18).
-9
Let g(r) = -95*r + 363. Determine g(7).
-302
Let p(m) = -4*m**3 + 31*m**2 - 56*m - 1. Calculate p(3).
2
Let b(j) = 66*j + 38. What is b(-6)?
-358
Let a(x) = 225*x - 437. Determine a(2).
13
Let a(u) = 221*u - 627. Give a(3).
36
Let k(t) = -37*t**3 - 2*t**2 + 2*t + 2. Calculate k(-2).
286
Let o(d) = d**3 - d**2 - 2*d + 12. What is o(-3)?
-18
Let c(t) = -t**3 + 9*t**2 + 115*t + 8. What is c(-7)?
-13
Let s(o) = 545*o + 1639. Give s(-3).
4
Let j(l) = -6*l**2 - 603*l - 272. Determine j(-99).
619
Let a(c) = 9*c + 31. What is a(11)?
130
Let j(r) = r**3 + 14*r**2 + 3*r + 13. Calculate j(-14).
-29
Let k(j) = -2*j**2 - 31*j - 174. What is k(-9)?
-57
Let z(a) = 14*a + 25. Give z(5).
95
Let y(k) = -2*k**3 - 4*k**2 + 20*k + 17. Give y(-4).
1
Let q(y) = -5*y**2 - 24*y + 29. What is q(-6)?
-7
Let d(k) = -k**2 + 28*k - 141. Calculate d(20).
19
Let f(w) = -13*w**2 - 71*w - 36. Give f(-9).
-450
Let v(g) = g**3 - 2*g**2 + 3*g + 18. Determine v(3).
36
Let o(u) = 37*u**3 + 7*u**2 + 3*u. Determine o(-1).
-33
Let m(l) = -105*l**3 - 3*l + 3. Determine m(1).
-105
Let w(c) = -c**3 - 12*c**2 - 38*c - 27. Calculate w(-4).
-3
Let n(v) = v**2 - 15*v + 65. Calculate n(4).
21
Let i(o) = -6*o**2 + 132*o - 12. Calculate i(22).
-12
Let b(j) = j**2 + 240*j + 2920. Determine b(-13).
-31
Let l(p) = -p**2 + 35*p + 286. Calculate l(31).
410
Let b(t) = -44*t**3 - 1761*t**2 - 40*t + 6. Determine b(-40).
6
Let j(d) = 222*d - 1117. Calculate j(5).
-7
Let w(t) = 3*t**2 + 115*t + 68. Determine w(-37).
-80
Let h(u) = u**3 - 57*u**2 - 126*u + 355. Determine h(59).
-117
Let y(p) = -p**3 + 9*p**2 + 27*p + 29. Determine y(-5).
244
Let w(i) = -3*i**2 + 36*i - 74. Determine w(5).
31
Let r(c) = 3*c + 50. Calculate r(-25).
-25
Let h(t) = 218*t + 492. What is h(-2)?
56
Let f(n) = 411*n + 302. Give f(-1).
-109
Let l(h) = 9*h**2 - 80*h - 104. Determine l(10).
-4
Let h(j) = -32*j + 102. Calculate h(6).
-90
Let o(p) = 9*p**2 - 79*p - 11. Give o(9).
7
Let t(d) = -d**3 + 39*d**2 + 46*d - 182. What is t(40)?
58
Let i(z) = 2*z**3 - 280*z**2 - 279*z - 558. What is i(141)?
-135
Let t(p) = p**3 + 68*p**2 - 165*p - 6619. Give t(-69).
5
Let t(w) = -w**2 - 7450*w + 44760. What is t(6)?
24
Let g(v) = 4*v**2 + 359*v + 1062. What is g(-3)?
21
Let j(p) = -146*p**2 - 1314*p - 2. Calculate j(-9).
-2
Let t(s) = 4*s**2 - 32*s + 75. Calculate t(5).
15
Let g(r) = 232*r + 214. Determine g(-1).
-18
Let w(c) = 85*c - 616. What is w(8)?
64
Let s(g) = 5*g - 1082. Calculate s(217).
3
Let s(u) = 136*u + 2072. Give s(-14).
168
Let j(p) = -p**3 + 2*p**2 + 298*p + 29. Give j(-16).
-131
Let r(v) = -v**3 - 27*v**2 - 48*v + 52. What is r(-25)?
2
Let q(j) = -j**3 - 10*j**2 + 4*j + 34. Give q(-10).
-6
Let u(b) = b**2 + 39*b - 86. Determine u(2).
-4
Let g(u) = -17*u**3 - 988*u**2 - 107*u + 525. Give g(-58).
3
Let p(c) = c**3 + 56*c**2 + 92*c - 998. Calculate p(-54).
-134
Let o(h) = h**3 - 11*h**2 + 48*h - 510. Determine o(11).
18
Let a(j) = -11*j + 307. What is a(20)?
87
Let w(l) = 28*l - 375. Determine w(6).
-207
Let r(y) = -y**3 + 166*y**2 + 1027*y + 861. Determine r(172).
1
Let i(r) = 54*r**2 + 17*r - 3. What is i(1)?
68
Let a(c) = c**3 - 15*c**2 + 58*c - 18. Calculate a(7).
-4
Let p(t) = t**3 - 28*t**2 + 86*t - 277. Give p(25).
-2
Let o(i) = -28*i + 51. Give o(8).
-173
Let o(b) = -21*b + 647. Calculate o(31).
-4
Let o(a) = -a**3 - 11*a**2 - 6*a + 9. Calculate o(-13).
425
Let v(q) = -151*q - 2035. Give v(-14).
79
Let m(j) = 2*j**3 + 103*j**2 + 1313*j + 44. What is m(-23)?
-2
Let s(r) = -44*r**2 - 515*r - 331. Determine s(-11).
10
Let x(v) = -2*v**3 + 23*v**2 - 35*v + 10. What is x(9)?
100
Let j(p) = -5*p**2 + 56*p - 122. Determine j(8).
6
Let b(t) = -t**3 + 5*t**2 + 106*t + 28. Determine b(13).
54
Let d(o) = -19*o**3 - 168*o**2 + 13*o - 146. What is d(-9)?
-20
Let p(x) = 6*x**2 - 259*x + 131. Calculate p(41).
-402
Let j(i) = -i**2 - 27*i - 26. Calculate j(-30).
-116
Let k(b) = -b**3 + 7*b**2 + 137*b - 25. Give k(-9).
38
Let d(v) = -2*v**3 + v**2 + 6*v. Calculate d(-4).
120
Let k(v) = -7*v**2 - 91*v - 204. Calculate k(-10).
6
Let b(q) = -10*q**2 - 363*q - 110. Calculate b(-36).
-2
Let y(d) = d**2 - 37*d - 35. Determine y(38).
3
Let c(q) = -11*q + 86. Determine c(-4).
130
Let o(a) = -34*a + 2479. Determine o(71).
65
Let o(m) = m**2 - 782*m - 22727. What is o(-28)?
-47
Let k(o) = -573*o + 10822. Determine k(19).
-65
Let n(g) = 2*g**3 - 10*g**2 - 12*g + 17. Calculate n(6).
17
Let l(k) = k**3 + 8*k**2 - 41*k - 86. What is l(-11)?
2
Let y(m) = -79*m + 2132. Determine y(27).
-1
Let s(b) = b**2 - 194*b + 1125. Give s(6).
-3
Let v(u) = -u**3 - 11*u**2 + 60*u + 671. Give v(-10).
-29
Let p(u) = 2*u + 85. What is p(30)?
145
Let r(q) = 3*q**2 - 94*q - 211. Determine r(34).
61
Let u(l) = l**3 - 30*l**2 - 28*l - 73. Give u(31).
20
Let t(g) = -44*g - 47. Calculate t(2).
-135
Let t(g) = g**3 - 12*g**2 + 14*g + 32. Give t(11).
65
Let s(o) = -128*o + 8824. Determine s(69).
-8
Let g(k) = -k**2 + 22*k - 32. Calculate g(25).
-107
Let x(q) = -q**2 + 101*q + 3147. What is x(126)?
-3
Let c(t) = -t**2 - 10*t + 122. Determine c(-13).
83
Let x(i) = i**3 + 8*i**2 - 418*i - 113. Determine x(17).
6
Let l(t) = 2*t**3 - 9*t**2 + 33*t - 16. Give l(4).
100
Let y(i) = i**2 - 27*i + 96. Determine y(4).
4
Let m(b) = -311*b + 1260. What is m(4)?
16
Let q(g) = -g**2 - 16*g + 596. Determine q(-33).
35
Let f(u) = 2*u**3 - 210*u**2 - 873*u + 105. Calculate f(109).
-4
Let h(y) = 2*y**3 - 26*y**2 + 41*y - 15. Give h(12).
189
Let c(k) = -72*k - 9783. Give c(-136).
9
Let v(y) = -2*y**2 + 68*y - 555. What is v(35)?
-625
Let u(s) = -6*s + 345. Calculate u(43).
87
Let n(f) = 176*f - 7050. What is n(40)?
-10
Let j(m) = -1018*m + 17293. What is j(17)?
-13
Let x(q) = -2*q**2 - 22*q + 152. What is x(-17)?
-52
Let o(t) = 31*t + 187. What is o(-24)?
-